6, -2*b + 40 = 5*g + 7. Suppose 0 = g*p - 0*p - 21. Calculate the highest common factor of p and 2.
1
Suppose 0 = -4*v - 0*v - 84. Let w be 15/(-2)*28/v. Suppose -2*r + 2*x + 0 + 8 = 0, 5*r - x = 24. What is the greatest common divisor of r and w?
5
Suppose 1 = -4*b + 53. Let j be -12 + b + 1 + 14. Calculate the greatest common divisor of j and 128.
16
Let a be 66/(5 + 17) - 106/(-2). What is the highest common divisor of a and 1624?
56
Let u = 30 - -121. Let o = -39 + u. Let d be ((-2)/6)/((-11)/528). Calculate the highest common divisor of o and d.
16
Let v(o) = -3 + 16*o - o + 5 + o + 3*o**2. Let u be v(10). What is the highest common factor of u and 42?
42
Let k(t) = t**2 - 5*t - 4. Let d be k(6). Let b = -2 - -3. Let r = d - b. What is the highest common factor of r and 9?
1
Let a(h) = -h**3 - 16*h**2 + 104*h + 39. Let j be a(-21). What is the greatest common factor of 1020 and j?
60
Let h = 11 - -5. Let m be 130/4*(h - 14). Calculate the greatest common divisor of 26 and m.
13
Suppose -s = 5*f - 4*f - 98, 2*s = -f + 98. Suppose -3*k = 2*d - 50, -3*k - 5*d = -5 - 57. What is the highest common factor of k and f?
14
Let o = 1308 - 1277. Calculate the highest common divisor of 124 and o.
31
Suppose -c + 2*t = 3*t - 5, 5*c = -4*t + 21. Let d(j) = 29*j**3 - j**2 - j + 2. Let v be d(c). What is the greatest common factor of v and 116?
29
Let m be 2/6 + 0 + (-410)/(-246). Calculate the highest common divisor of 164 and m.
2
Suppose -5*w = -177 - 23. Calculate the highest common factor of w and 1240.
40
Suppose -5*g = 3*s - 88, -s - 8*g = -6*g - 31. Calculate the greatest common factor of 217 and s.
7
Suppose 8*c + 420 = 3*c. Let r = c + 189. Calculate the highest common divisor of 21 and r.
21
Let o = 10 - -6. Let w = -703 + 743. Calculate the greatest common factor of w and o.
8
Let g(q) = -23*q - 3. Let i be g(-3). Calculate the greatest common divisor of 330 and i.
66
Suppose 13*k = 90 + 768. What is the highest common factor of k and 22?
22
Let h be (19 + (1 - 3))*1. Suppose 2920*c = 2900*c + 2720. Calculate the highest common divisor of c and h.
17
Suppose 0 = -3*h + 88 + 128. Let x = -67 + 103. Let g = 60 - x. What is the highest common factor of h and g?
24
Suppose -13 = -2*a + 27. Let u(m) = m**3 - 8*m**2 + 8*m - 14. Let x be u(8). What is the greatest common divisor of a and x?
10
Let d be (35/14)/(1/(-26)). Let v = 79 + -204. Let f = d - v. What is the highest common factor of 15 and f?
15
Let w be 23 + 6 - 4*1. Let r = 202 + -297. Let y = r + 220. Calculate the highest common factor of y and w.
25
Suppose -3*k + 134 - 59 = 0. What is the highest common divisor of k and 70?
5
Let u(c) = 2*c**2 - 10*c - 1. Let r = -15 + 22. Let t be u(r). Let v be 3 + 4/((-8)/(-30)). What is the highest common divisor of t and v?
9
Let p(t) = t + 305. Let x be p(-65). What is the greatest common divisor of 390 and x?
30
Let d be -2 + -2 + (35/(-10))/(2/(-4)). Suppose 0*n - 3*n + 261 = 0. Calculate the greatest common divisor of d and n.
3
Let d be (-182)/(-13) + 3 - 12. Calculate the greatest common divisor of 35 and d.
5
Suppose -8*t + 25*t - 2205 = 10*t. Let s be -2*9/(-4)*10. Calculate the highest common factor of s and t.
45
Let y(i) = 29*i**3 + 7*i**2 - 5*i - 21. Let w be y(3). What is the greatest common factor of 90 and w?
90
Suppose -4*f - q - 10 = -3*f, -6 = f + 2*q. Let n = f - -19. What is the highest common factor of 1 and n?
1
Let w = 53 + -29. Suppose 137 = 2*a + 41. What is the highest common divisor of w and a?
24
Let b be 3*5/12*48. Suppose -8*a - 70 = -3*a. Let y(n) = n**3 + 14*n**2 - 2*n - 13. Let s be y(a). What is the highest common factor of s and b?
15
Let o(c) = -1. Let q(m) = 9*m - 7. Let g(k) = -14*o(k) + 2*q(k). Let s be g(3). What is the greatest common divisor of 6 and s?
6
Let a(c) = 3*c**2 + 15*c - 3. Let d be a(-6). Suppose 4*n - d - 177 = 0. Calculate the greatest common divisor of 3 and n.
3
Let o be -1 + 3 + 46/1. Let z = -1398 - -1414. Calculate the highest common divisor of z and o.
16
Suppose 5*i - 25 = -2*r + 67, i = -2*r + 12. Let y be 570/i + 3/6. What is the highest common factor of 145 and y?
29
Let v(c) = -5*c - 15. Let d be v(-3). Suppose d = -4*k - 2*y + 96, 2*k - y = -20 + 68. What is the greatest common factor of k and 40?
8
Suppose 0 = 27*i - 1813 + 85. Calculate the greatest common factor of 8 and i.
8
Suppose i - 5*g - 479 = 0, -g - 994 = -2*i - 3*g. Calculate the greatest common factor of i and 38.
38
Suppose 4*c - 4749 = 3*i, -40*i - 4747 = -4*c - 35*i. What is the greatest common factor of 33 and c?
33
Let g(i) = 352*i - 59. Let n be g(2). What is the greatest common factor of 15 and n?
15
Let o be 1323/18 - (-5)/2*-1. What is the greatest common factor of 1775 and o?
71
Suppose -357*n + 760 = -347*n. Calculate the highest common factor of n and 19.
19
Let a = -8 - -46. Let d = a + 88. Let v = -22 + 36. What is the greatest common divisor of d and v?
14
Suppose 5*j - 21*q = -17*q + 12039, -j + q + 2408 = 0. Calculate the greatest common factor of 29 and j.
29
Let y be (-2)/21 - 1528/(-168). Suppose 0 = 3*u - 4*z - 21, 4*u - 5*u - z = 0. Calculate the highest common divisor of u and y.
3
Let i = 176 - 120. Let x = i + -47. Calculate the highest common divisor of 99 and x.
9
Let d be 55/(-5) - -7 - (-800)/2. What is the greatest common factor of d and 36?
36
Let c(f) = -f**3 + f**2 - f - 2. Let g be c(-2). Let n(u) = -u**3 + 13*u**2 - 12*u + 9. Let s be n(g). What is the highest common factor of s and 3?
3
Let t = 14 - 4. Let o(z) = -z + 11. Let k be o(t). Calculate the greatest common factor of 7 and k.
1
Let l(g) = g**2 - 12*g + 37. Let a be l(9). Suppose -2*c - 5*r = -67, -6*r = -2*c - a*r + 72. Calculate the highest common divisor of c and 115.
23
Let m(h) be the third derivative of 7*h**4/24 + 5*h**3 - 6*h**2. Let p be m(15). Calculate the greatest common factor of 54 and p.
27
Let y = 12 - -54. Suppose 4*n + 16 = 0, -176 = -2*b + n + 26. What is the highest common factor of y and b?
33
Suppose -u - f = -223, 0 = 21*u - 22*u - 2*f + 226. Suppose 2*z = 6, -3*s - 32 = -5*s - 4*z. Calculate the greatest common divisor of u and s.
10
Let i = -4 + 8. Suppose -i*h + 0*m = -2*m - 18, h = -m. Suppose 0 = 2*l - 2 - 52. What is the greatest common divisor of l and h?
3
Suppose -5*v = k + k + 19, -k - 12 = 5*v. Let y be 10*k*(48/(-21) + 2). Let d be 6/(-15) - 44/(-10). Calculate the highest common divisor of d and y.
4
Let p = -247 - -251. Calculate the greatest common factor of 164 and p.
4
Let z be (36/(-10))/(13/(-65)). Suppose 28 = z*k - 14*k. Calculate the greatest common divisor of 77 and k.
7
Let f = 15 + -10. Suppose 0*g = f*i - 2*g - 130, i - 26 = -4*g. Let c = -15 + i. Calculate the highest common factor of 11 and c.
11
Let g = -3 - -9. Suppose -3*i + i - 4*y - g = 0, -4*y - 18 = -2*i. Suppose 0 = i*l + 2*l - 30. What is the greatest common divisor of l and 48?
6
Suppose -3*q + 87 = k - 132, -k + 2*q = -239. What is the highest common factor of k and 22?
11
Let b(w) = w**2 + 7*w - 5. Let h be b(-8). Let l be 21*(3 + 9/7). Let g = -63 + l. Calculate the highest common divisor of g and h.
3
Suppose -14*h + 2*h + 528 = 0. Calculate the highest common factor of h and 176.
44
Let d = 253 - 77. What is the highest common factor of 16 and d?
16
Suppose 0 = 14*p - 10*p - 360. What is the highest common factor of p and 10?
10
Let t be 7 + (-1400)/(-15)*60/25. What is the greatest common factor of 297 and t?
33
Let j(q) be the second derivative of -11/2*q**2 - q + 0 - 1/20*q**5 + 13/12*q**4 - 11/6*q**3. Let r be j(11). Calculate the highest common factor of 10 and r.
10
Let h = -1539 + 1090. Let w = -317 - h. What is the greatest common factor of w and 12?
12
Let h = 12 - 7. Suppose 0 = -2*d + 2*c + 10, 3*d + 9 = -0*d - h*c. What is the greatest common divisor of 6 and d?
2
Let q = 1 - -5. Let x be (-1)/(3*q/20 + -1). Calculate the greatest common factor of 4 and x.
2
Suppose 7*q - 11*q + 1344 = 0. What is the greatest common factor of 42 and q?
42
Let d(p) = 33*p + 843. Let f be d(-17). What is the highest common factor of 3 and f?
3
Suppose 2*i - 203 = g, -i = g + 3*g - 124. Let r = -1 + 14. Calculate the greatest common factor of i and r.
13
Suppose -4*p + b + 3*b - 72 = 0, -56 = 2*p + 3*b. Let x = 